{"id":52,"date":"2021-06-02T16:47:21","date_gmt":"2021-06-02T14:47:21","guid":{"rendered":"https:\/\/www.milamber.ma\/?page_id=52"},"modified":"2021-06-02T16:47:21","modified_gmt":"2021-06-02T14:47:21","slug":"zabbix","status":"publish","type":"page","link":"https:\/\/www.milamber.ma\/index.php\/zabbix\/","title":{"rendered":"ZABBIX"},"content":{"rendered":"\n<p>Milamber Consulting a d\u00e9velopp\u00e9, au cours de ses projets de performance et recherche de cause de panne, ainsi que de mise en place d\u2019infrastructures et d\u2019architecture technique, une expertise dans l\u2019utilisation et la mise en \u0153uvre de l\u2019outil de supervision Zabbix.<\/p>\n\n\n\n<p>Milamber Consulting peut vous accompagner dans l\u2019installation et la configuration de la solution Zabbix pour superviser votre syst\u00e8me d\u2019information.<\/p>\n\n\n\n<p>Les services propos\u00e9s autour de Zabbix sont :<\/p>\n\n\n\n<ul class=\"wp-block-list\"><li>Installation et configuration de Zabbix pour la supervision de serveurs<\/li><li>Mise en place de la surveillance des niveaux de services d\u2019une plate-forme (SLA)<\/li><li>Mise en place d\u2019une strat\u00e9gie d\u2019alertes avec escalades<\/li><li>Cr\u00e9ation de scripts de supervision avanc\u00e9e pour une remont\u00e9e d\u2019information pointue dans Zabbix concernant vos services m\u00e9tiers ou techniques<\/li><li>Optimisation de Zabbix et ses diff\u00e9rents processus internes<\/li><\/ul>\n","protected":false},"excerpt":{"rendered":"<p>Milamber Consulting a d\u00e9velopp\u00e9, au cours de ses projets de performance et recherche de cause de panne, ainsi que de mise en place d\u2019infrastructures et d\u2019architecture technique, une expertise dans l\u2019utilisation et la mise en \u0153uvre de l\u2019outil de supervision Zabbix. Milamber Consulting peut vous accompagner dans l\u2019installation et la configuration de la solution Zabbix [&hellip;]<\/p>\n","protected":false},"author":1,"featured_media":0,"parent":0,"menu_order":0,"comment_status":"closed","ping_status":"closed","template":"","meta":{"footnotes":""},"class_list":["post-52","page","type-page","status-publish","hentry"],"_links":{"self":[{"href":"https:\/\/www.milamber.ma\/index.php\/wp-json\/wp\/v2\/pages\/52","targetHints":{"allow":["GET"]}}],"collection":[{"href":"https:\/\/www.milamber.ma\/index.php\/wp-json\/wp\/v2\/pages"}],"about":[{"href":"https:\/\/www.milamber.ma\/index.php\/wp-json\/wp\/v2\/types\/page"}],"author":[{"embeddable":true,"href":"https:\/\/www.milamber.ma\/index.php\/wp-json\/wp\/v2\/users\/1"}],"replies":[{"embeddable":true,"href":"https:\/\/www.milamber.ma\/index.php\/wp-json\/wp\/v2\/comments?post=52"}],"version-history":[{"count":1,"href":"https:\/\/www.milamber.ma\/index.php\/wp-json\/wp\/v2\/pages\/52\/revisions"}],"predecessor-version":[{"id":53,"href":"https:\/\/www.milamber.ma\/index.php\/wp-json\/wp\/v2\/pages\/52\/revisions\/53"}],"wp:attachment":[{"href":"https:\/\/www.milamber.ma\/index.php\/wp-json\/wp\/v2\/media?parent=52"}],"curies":[{"name":"wp","href":"https:\/\/api.w.org\/{rel}","templated":true}]}}