{"id":26,"date":"2021-06-02T16:15:18","date_gmt":"2021-06-02T14:15:18","guid":{"rendered":"https:\/\/www.milamber.ma\/?page_id=26"},"modified":"2021-06-02T17:36:29","modified_gmt":"2021-06-02T15:36:29","slug":"services","status":"publish","type":"page","link":"https:\/\/www.milamber.ma\/index.php\/services\/","title":{"rendered":"SERVICES"},"content":{"rendered":"\n<p class=\"has-drop-cap\">Milamber Consulting propose des services d\u2019expertise de qualit\u00e9 tout en assurant le conseil et l\u2019accompagnement \u00e0 ses clients. Les domaines d\u2019intervention de Milamber Consulting sont cibl\u00e9s et sont en ad\u00e9quation avec les expertises et comp\u00e9tences pointues mises \u00e0 votre disposition pour accompagner vos projets.<\/p>\n\n\n\n<ul class=\"wp-block-list\"><li>Performances<\/li><li>S\u00e9curit\u00e9<\/li><li>Architectures techniques Web et Cloud<\/li><li>Assistance \u00e0 la ma\u00eetrise d\u2019ouvrage<\/li><\/ul>\n\n\n\n<p><\/p>\n","protected":false},"excerpt":{"rendered":"<p>Milamber Consulting propose des services d\u2019expertise de qualit\u00e9 tout en assurant le conseil et l\u2019accompagnement \u00e0 ses clients. Les domaines d\u2019intervention de Milamber Consulting sont cibl\u00e9s et sont en ad\u00e9quation avec les expertises et comp\u00e9tences pointues mises \u00e0 votre disposition pour accompagner vos projets. Performances S\u00e9curit\u00e9 Architectures techniques Web et Cloud Assistance \u00e0 la ma\u00eetrise [&hellip;]<\/p>\n","protected":false},"author":1,"featured_media":0,"parent":0,"menu_order":0,"comment_status":"closed","ping_status":"closed","template":"","meta":{"footnotes":""},"class_list":["post-26","page","type-page","status-publish","hentry"],"_links":{"self":[{"href":"https:\/\/www.milamber.ma\/index.php\/wp-json\/wp\/v2\/pages\/26","targetHints":{"allow":["GET"]}}],"collection":[{"href":"https:\/\/www.milamber.ma\/index.php\/wp-json\/wp\/v2\/pages"}],"about":[{"href":"https:\/\/www.milamber.ma\/index.php\/wp-json\/wp\/v2\/types\/page"}],"author":[{"embeddable":true,"href":"https:\/\/www.milamber.ma\/index.php\/wp-json\/wp\/v2\/users\/1"}],"replies":[{"embeddable":true,"href":"https:\/\/www.milamber.ma\/index.php\/wp-json\/wp\/v2\/comments?post=26"}],"version-history":[{"count":2,"href":"https:\/\/www.milamber.ma\/index.php\/wp-json\/wp\/v2\/pages\/26\/revisions"}],"predecessor-version":[{"id":81,"href":"https:\/\/www.milamber.ma\/index.php\/wp-json\/wp\/v2\/pages\/26\/revisions\/81"}],"wp:attachment":[{"href":"https:\/\/www.milamber.ma\/index.php\/wp-json\/wp\/v2\/media?parent=26"}],"curies":[{"name":"wp","href":"https:\/\/api.w.org\/{rel}","templated":true}]}}